{"version":"1.0","provider_name":"Novias Baleares","provider_url":"http:\/\/noviasespana.com\/noviasbaleares","author_name":"admin","author_url":"http:\/\/noviasespana.com\/noviasbaleares\/author\/admin\/","title":"Cibeles Madrid Fashion Week - Novias Baleares","type":"rich","width":600,"height":338,"html":"<blockquote class=\"wp-embedded-content\" data-secret=\"6XvYJ4MuYb\"><a href=\"http:\/\/noviasespana.com\/noviasbaleares\/cibeles-madrid-fashion-week\/\">Cibeles Madrid Fashion Week<\/a><\/blockquote><iframe sandbox=\"allow-scripts\" security=\"restricted\" src=\"http:\/\/noviasespana.com\/noviasbaleares\/cibeles-madrid-fashion-week\/embed\/#?secret=6XvYJ4MuYb\" width=\"600\" height=\"338\" title=\"\u00abCibeles Madrid Fashion Week\u00bb \u2014 Novias Baleares\" data-secret=\"6XvYJ4MuYb\" frameborder=\"0\" marginwidth=\"0\" marginheight=\"0\" scrolling=\"no\" class=\"wp-embedded-content\"><\/iframe><script type=\"text\/javascript\">\n\/* <![CDATA[ *\/\n\/*! This file is auto-generated *\/\n!function(d,l){\"use strict\";l.querySelector&&d.addEventListener&&\"undefined\"!=typeof URL&&(d.wp=d.wp||{},d.wp.receiveEmbedMessage||(d.wp.receiveEmbedMessage=function(e){var t=e.data;if((t||t.secret||t.message||t.value)&&!\/[^a-zA-Z0-9]\/.test(t.secret)){for(var s,r,n,a=l.querySelectorAll('iframe[data-secret=\"'+t.secret+'\"]'),o=l.querySelectorAll('blockquote[data-secret=\"'+t.secret+'\"]'),c=new RegExp(\"^https?:$\",\"i\"),i=0;i<o.length;i++)o[i].style.display=\"none\";for(i=0;i<a.length;i++)s=a[i],e.source===s.contentWindow&&(s.removeAttribute(\"style\"),\"height\"===t.message?(1e3<(r=parseInt(t.value,10))?r=1e3:~~r<200&&(r=200),s.height=r):\"link\"===t.message&&(r=new URL(s.getAttribute(\"src\")),n=new URL(t.value),c.test(n.protocol))&&n.host===r.host&&l.activeElement===s&&(d.top.location.href=t.value))}},d.addEventListener(\"message\",d.wp.receiveEmbedMessage,!1),l.addEventListener(\"DOMContentLoaded\",function(){for(var e,t,s=l.querySelectorAll(\"iframe.wp-embedded-content\"),r=0;r<s.length;r++)(t=(e=s[r]).getAttribute(\"data-secret\"))||(t=Math.random().toString(36).substring(2,12),e.src+=\"#?secret=\"+t,e.setAttribute(\"data-secret\",t)),e.contentWindow.postMessage({message:\"ready\",secret:t},\"*\")},!1)))}(window,document);\n\/* ]]> *\/\n<\/script>\n","description":"Queridas novias!!! La Cibeles Madrid Fashion Week est\u00e1 en su recta final. Desde el pasado viernes 17 de septiembre y hasta el pr\u00f3ximo mi\u00e9rcoles 22, los dise\u00f1adores m\u00e1s conocidos de nuestro pa\u00eds se dar\u00e1n cita en el escaparate por excelencia de la moda espa\u00f1ola. Todos ellos aprovechar\u00e1n estos d\u00edas para sorprender con sus apuestas para [&hellip;]","thumbnail_url":"http:\/\/www.diariodeunanovia.com\/blog\/wp-content\/uploads\/sites\/5\/2010\/09\/cibeles.jpg"}

Queridas novias!!! La Cibeles Madrid Fashion Week está en su recta final. Desde el pasado viernes 17 de septiembre y hasta el próximo miércoles 22, los diseñadores más conocidos de nuestro país se darán cita en el escaparate por excelencia de la moda española. Todos ellos aprovecharán estos días para sorprender con sus apuestas para [&hellip;]
