{"version":"1.0","provider_name":"Novias Baleares","provider_url":"http:\/\/noviasespana.com\/noviasbaleares","author_name":"admin","author_url":"http:\/\/noviasespana.com\/noviasbaleares\/author\/admin\/","title":"Blanco y negro - Novias Baleares","type":"rich","width":600,"height":338,"html":"<blockquote class=\"wp-embedded-content\" data-secret=\"eXTsRsGmk2\"><a href=\"http:\/\/noviasespana.com\/noviasbaleares\/blanco-y-negro\/\">Blanco y negro<\/a><\/blockquote><iframe sandbox=\"allow-scripts\" security=\"restricted\" src=\"http:\/\/noviasespana.com\/noviasbaleares\/blanco-y-negro\/embed\/#?secret=eXTsRsGmk2\" width=\"600\" height=\"338\" title=\"\u00abBlanco y negro\u00bb \u2014 Novias Baleares\" data-secret=\"eXTsRsGmk2\" frameborder=\"0\" marginwidth=\"0\" marginheight=\"0\" scrolling=\"no\" class=\"wp-embedded-content\"><\/iframe><script type=\"text\/javascript\">\n\/* <![CDATA[ *\/\n\/*! This file is auto-generated *\/\n!function(d,l){\"use strict\";l.querySelector&&d.addEventListener&&\"undefined\"!=typeof URL&&(d.wp=d.wp||{},d.wp.receiveEmbedMessage||(d.wp.receiveEmbedMessage=function(e){var t=e.data;if((t||t.secret||t.message||t.value)&&!\/[^a-zA-Z0-9]\/.test(t.secret)){for(var s,r,n,a=l.querySelectorAll('iframe[data-secret=\"'+t.secret+'\"]'),o=l.querySelectorAll('blockquote[data-secret=\"'+t.secret+'\"]'),c=new RegExp(\"^https?:$\",\"i\"),i=0;i<o.length;i++)o[i].style.display=\"none\";for(i=0;i<a.length;i++)s=a[i],e.source===s.contentWindow&&(s.removeAttribute(\"style\"),\"height\"===t.message?(1e3<(r=parseInt(t.value,10))?r=1e3:~~r<200&&(r=200),s.height=r):\"link\"===t.message&&(r=new URL(s.getAttribute(\"src\")),n=new URL(t.value),c.test(n.protocol))&&n.host===r.host&&l.activeElement===s&&(d.top.location.href=t.value))}},d.addEventListener(\"message\",d.wp.receiveEmbedMessage,!1),l.addEventListener(\"DOMContentLoaded\",function(){for(var e,t,s=l.querySelectorAll(\"iframe.wp-embedded-content\"),r=0;r<s.length;r++)(t=(e=s[r]).getAttribute(\"data-secret\"))||(t=Math.random().toString(36).substring(2,12),e.src+=\"#?secret=\"+t,e.setAttribute(\"data-secret\",t)),e.contentWindow.postMessage({message:\"ready\",secret:t},\"*\")},!1)))}(window,document);\n\/* ]]> *\/\n<\/script>\n","description":"Queridas novias!!! Muchas veces hemos comentado lo bien que combinan el blanco y el negro cuando hablamos de una boda. Pues bien. En esta ocasi\u00f3n ha sido la dise\u00f1adora Bel\u00e9n Bajo la que nos ha dado la raz\u00f3n con la creaci\u00f3n de su \u00faltima colecci\u00f3n. Una serie de piezas en las que se unen el [&hellip;]","thumbnail_url":"http:\/\/www.diariodeunanovia.com\/blog\/wp-content\/uploads\/sites\/5\/2010\/02\/bb286.jpg"}

Queridas novias!!! Muchas veces hemos comentado lo bien que combinan el blanco y el negro cuando hablamos de una boda. Pues bien. En esta ocasión ha sido la diseñadora Belén Bajo la que nos ha dado la razón con la creación de su última colección. Una serie de piezas en las que se unen el [&hellip;]
